**5/120 + h**4/24 - 3*h**2. Let g(d) be the second derivative of p(d). Give g(-5).
-6
Let z(g) = 2*g + 3. Let l be z(-2). Let x(r) = r**2 - 2*r - 1. Calculate x(l).
2
Let q(f) = 6. Let l(t) = -t - 1. Let d = 24 - 26. Let s(o) = d*l(o) + q(o). Give s(-6).
-4
Let o(u) = -u**2 - 4*u + 5. Let h(d) = -d**3 + d**2 - 2*d + 4. Let j be h(3). Let z be ((-8)/(-10))/((-2)/j). Suppose 0 = -a - a - z. Give o(a).
5
Let s(m) = -m**2 + 4*m + 1. Let r = -187 + 190. What is s(r)?
4
Let m(t) = t + 1. Suppose -4*a + 3*j = -7, 4*j = 4*a + 5*j - 19. Suppose -v - a*v = -15. Let d(n) = n - 1. Let l be d(v). Determine m(l).
3
Let v(a) be the third derivative of 9*a**2 + 0 + 1/10*a**5 + 1/120*a**6 + 1/6*a**4 - 7/6*a**3 + 0*a. What is v(-5)?
-2
Let d(y) = -2*y**2 + 1 - 2 - 3*y + 4. Determine d(2).
-11
Let i(z) = 11*z**3 - 17*z**2 - z - 1. Let q(f) = 6*f**2 + 0 - 4*f**3 + 0. Let h be ((-12)/20)/(4/(-20)). Let m(t) = h*i(t) + 8*q(t). Determine m(4).
1
Suppose -n = 2*n. Let p(g) be the third derivative of -g**2 + 0*g**4 + 0*g - 7/6*g**3 - 1/60*g**5 + 0. What is p(n)?
-7
Let u(w) be the third derivative of -w**2 - 1/3*w**3 + 0*w + 0 - 1/24*w**4. Let o(x) = -x**3 + 5*x**2 + 6*x + 2. Let p be o(6). Calculate u(p).
-4
Let c(w) = w**3 - w**2 + w - 1. Let u = -7 + 10. Let o(l) = 2*l**3 + l**2 + l - 2. Let r(j) = u*c(j) - o(j). Give r(4).
7
Let p(t) = 2*t**2 - 2*t. Let y = -5 + 7. Calculate p(y).
4
Let s(f) = -2*f - 5. Let j be -3 + 1*(-4 - 0). Let p = -13 - j. What is s(p)?
7
Let p(v) = -5*v + 2. Let c(o) = -o + 12. Let m be c(-14). Let d = -28 + m. What is p(d)?
12
Let f(s) = -s**2 - 8*s - 3. Let z be f(-7). Let i(u) = -z*u - u**2 + 1 - u + 1. Suppose -10 = 4*c + 10. Calculate i(c).
2
Let w(z) = -z**3 - 5*z**2 + 4. Let p(g) = -g**2 + 7*g - 3. Let d be p(6). Suppose -114 = k - d*k. Let i be 2/11 + k/(-11). Determine w(i).
4
Suppose 94 = 5*m + 29. Suppose l = 5*v - 7, -4*l + m = v - 1. Let b(s) = 3*s - 2. Give b(l).
7
Let a(t) = t**3 - 9*t - 7. Let y be a(-2). Let r(n) be the first derivative of 3*n - 1/3*n**y - 1 + n**2. What is r(4)?
-5
Let v(y) = -y - 2. Let o = 0 - -3. Suppose -2*r + o*r = 4. Suppose 0 = 4*w + 2*d - 6, -w = 2*w + 2*d - r. What is v(w)?
-4
Let n(b) = 3*b + 4. Let r = 83 + -89. Give n(r).
-14
Let y(m) = -6*m. Suppose 2 = 8*b - 6. Give y(b).
-6
Let n(x) = x - 4. Suppose i = 2*f + 6, -7 = -4*f - 4*i - 43. Determine n(f).
-9
Let p = -9 - -13. Let d = -6 + p. Let u(x) = x**2 - x - 1. Give u(d).
5
Let w(m) = 19*m**2 - 20*m**2 - 5*m - m. Determine w(-4).
8
Suppose -2*v = 3*v - 5. Let l(j) = -3 + v - 4*j - j + 3. Calculate l(-1).
6
Let p(g) = g - 5. Let t(j) = j + 2. Let h be t(-2). Let a be p(h). Let r(i) = -i**2 - 3*i + 1. Give r(a).
-9
Let r(g) be the second derivative of 0 + 7/6*g**3 - 3*g + 1/12*g**4 + 9/2*g**2. Determine r(-6).
3
Let b = 804 + -808. Let i(c) = -5*c + 2*c - 3 + 0*c. What is i(b)?
9
Let h(k) be the third derivative of -k**5/60 + 5*k**4/12 + k**3/2 - k**2. Let f be h(10). Let u(l) = -3*l**3 + 2*l + 5*l**3 - l**f + 4*l**2. Give u(-3).
3
Let c(g) = -g**2 - 3*g + 3. Suppose 0 = 2*u - 5 - 5. Suppose -i + 6 = 3*z + 2*i, 2*z + 31 = u*i. Calculate c(z).
3
Suppose -3*c = -0*c. Let b(n) = -n + 5*n - n - 1 + c*n. Let k = -10 - -9. Calculate b(k).
-4
Let j(x) = x**2 - x - 1. Let h(n) be the second derivative of 0*n**3 + 1/20*n**5 - n**2 + 0 - 1/12*n**4 - 2*n. Let f be h(0). Calculate j(f).
5
Let m(u) be the third derivative of -u**4/24 + 5*u**3/6 - 20*u**2. Calculate m(7).
-2
Let o(m) = m - 7. Suppose 2*l = -3*i + 7, 9*i - 4*i + 25 = 4*l. Suppose -l = -5*b + 4*b. Give o(b).
-2
Let y(v) = -6 + 3 - 4 - v. Suppose 32 = -3*g - 4*j, 4*j = -3*g - g - 36. Calculate y(g).
-3
Let h be (-39)/8 + 2/(-16). Let y(j) = -j + 5. Calculate y(h).
10
Let c be 20/6 + 8/12. Let o(z) = 2*z**2 - 5 - 6*z + 0 - z**2 + 2*z. Give o(c).
-5
Let z(s) be the second derivative of -s**3/6 - 7*s**2/2 + s. Suppose 0 = 4*t - 4*k + 3 + 13, -3*t = 5*k - 20. What is z(t)?
-7
Let x(o) = -1 + 4 - 8*o + 6*o. Suppose 5*t + 10 = -3*k + 1, 3*t - 1 = -5*k. What is x(k)?
-1
Let k(s) = s**2. Let v(m) = 2*m**2 - 10*m + 10. Let c(r) = k(r) - v(r). Suppose -9 = -4*i + 27. Let l be c(i). Let o(n) = -5*n. Calculate o(l).
5
Suppose 2*k + 3*h - 4*h = -3, -k + h = 4. Let c(o) = 2*o**3 + o**2 - o. Determine c(k).
2
Suppose -2*z = 3*z - 20. Suppose 0 = 4*c - 3*i + 6, 0 - 8 = -z*i. Suppose 4*b - 16 = -4, c = 2*u - 5*b + 17. Let w(g) = 2*g**3 - g**2. Determine w(u).
-3
Let q(p) = p**3 + 2*p**2 - 4*p. Let i be (1 - -3)/(-4 - -6). Suppose i*y = 8 + 2. Let g = y + -8. Determine q(g).
3
Let g = -14 + 9. Let j(b) be the third derivative of -b**4/24 - b**3/2 + b**2. Determine j(g).
2
Let j(f) = -7*f - 14. Let n(a) = 3*a + 8. Let h(s) = 2*j(s) + 5*n(s). Calculate h(-6).
6
Let i(m) = m + 3*m + 3 - 4 - 5*m + m**2. Calculate i(-2).
5
Let p(l) = 6*l - 86. Let g be p(15). Let t(h) = h**2 - 7*h + 4. Determine t(g).
-8
Let u(l) = -2*l. Let m(k) = -7*k. Let a(i) = 6*m(i) - 22*u(i). Give a(-1).
-2
Let n be ((-4)/(-12))/(4/84). Let g(d) = d**2 - 7*d - 1. Calculate g(n).
-1
Suppose 5*z = r - 7, 3*r = 4*r - 2. Let a(i) = 2*i + 6 + 5*i - 5. Calculate a(z).
-6
Let w(s) be the third derivative of -s**5/30 + 7*s**4/24 - s**3/2 + 6*s**2. Calculate w(5).
-18
Let j be 6*(0/2 - (-24)/36). Let b(s) be the first derivative of s**4/4 - 5*s**3/3 + 5*s**2/2 + 4*s + 1. What is b(j)?
8
Let j(w) = -5*w + 3*w + 4 + 3. Let p(l) = -l + 1. Let o(i) = j(i) - 3*p(i). Calculate o(0).
4
Let i(l) = l. Let m(f) = 7*f + 1. Let s be ((-1)/(-3) - 1)*-3. Let u(r) = s*i(r) + m(r). Determine u(1).
10
Suppose -5*a = 1 - 6. Let i(d) = -5*d**3 + d**2 - d. Determine i(a).
-5
Suppose -a = 2*a - 6. Let y(j) be the third derivative of -1/6*j**3 - 1/6*j**4 + 0*j - a*j**2 + 0. Calculate y(1).
-5
Suppose 0 = 2*f - 0*f. Suppose f = -c + 2*c - 2. Let x be 2/(3/c - 1). Let q(n) = n + 2. What is q(x)?
6
Let y(q) = 3*q**2 - 2*q + 65 - q**2 - 66. Give y(3).
11
Suppose -4*q - a = -2 + 15, -2 = -q - 2*a. Let c(l) = l**3 + l + 2 - 3*l + 4*l**2 + 5*l. What is c(q)?
-10
Let f = -34 + 32. Let q(c) be the second derivative of -c**3/2 - c**2/2 - c. Determine q(f).
5
Let u be (2 + -5 + 2)*-74. Let a(l) = -1 - l**2 + 70*l - 4 - u*l. Determine a(-4).
-5
Suppose 5*p + 2 - 7 = 0. Let m(o) be the third derivative of o**6/120 + o**5/60 - o**4/12 + o**3/6 - 7*o**2. Give m(p).
1
Let o(f) be the second derivative of -f**4/6 + f**3/3 - f**2/2 - 2*f. Calculate o(1).
-1
Let i be ((-1)/2 + 0)*0. Let u(w) = -4 + 4*w - w + i*w. Let k = 172 + -169. Calculate u(k).
5
Let i(n) = -n**3 - 9*n**2 - 9*n. Let b be i(-8). Let p = 11 - 6. Suppose -b = p*c - c. Let y(v) = -2*v**2 - 2*v - 3. What is y(c)?
-7
Let z(r) = r**2 - 2*r - 2. Let d(l) = -l**2 - 3*l. Let q be d(-3). Suppose 2*y + q*y - 6 = 0. Suppose 0 = 2*s - c - 1, s + y*c + 12 = c. Give z(s).
6
Let z(w) = 9*w**3 - 11*w**2 - 3. Let n(i) = 13*i**3 - 16*i**2 - 4. Let x(j) = -5*n(j) + 7*z(j). What is x(2)?
-5
Let f(t) = -2*t**2 - 2*t - 17 + 14 + 2*t. Let s(c) = -5*c**2 - c - 10. Let w(d) = -8*f(d) + 3*s(d). Let u be ((-10)/8)/(2/(-8)). Give w(u).
4
Let m(f) = -6*f**3 + 2*f**2 + 2*f**3 + 9*f - f**3 + 6*f**2 - 8. Let d(r) = 6*r**3 - 9*r**2 - 10*r + 9. Let y(t) = 4*d(t) + 5*m(t). Calculate y(5).
-4
Let r(h) = -2*h**2 + 6*h + 3. Suppose 4 = -2*l, w + 0*l + 1 = -3*l. Determine r(w).
-17
Let j be ((-6)/4)/(1/(-2)). Suppose 0 = 2*n + 3*a - 14 - 0, 24 = j*n + 3*a. Suppose 0 = s - 3*s - n. Let d(c) = -c - 6. Give d(s).
-1
Let t(r) = 4 - 4 + 4*r**2 - r - 3. Let w(i) = 9*i**2 - 2*i - 5. Let v(o) = 5*t(o) - 3*w(o). Let d be (1 - 2)*1/1. Give v(d).
-8
Let g(n) = -6*n + 236 - 232 + n + n**2. Give g(5).
4
Let k(a) = a**2 + 4*a + 3. Suppose -28*r = -r + 54. What is k(r)?
-1
Let n(u) = -3 + 6*u - 2*u - u**3 - 2*u**2 + 0*u. Give n(-4).
13
Let d(j) = -j - 1. Let c(i) be the first derivative of i**3/3 - 3*i**2 - 6*i + 1. Suppose 2*l - 20 + 6 = 0. Let n be c(l). Determine d(n).
-2
Suppose -18 = 3*k - 21. Let a(w) = -2*w**3 + 1. Determine a(k).
-1
Let b(k) = -k**3 - k + 1. Let z(t) = t**3 + 5*t**2 + 9*t - 3. Let o(h) = 2*b(h) + z(h). Determine o(6).
5
Let o(p) = 11*p**2 - 3*p**2 + 1 + 14*p - 2*p**3 + 3*p**3 - 5*p. Give o(-7).
-13
Let t(l) = l**2 + 7. Let r be ((-39)/15 + 3)*15. Let j = r + 1. Suppose 5*z - 3*k = -12, -j*k + 3*k + 16 = 2*z. What is t(z)?
7
Suppose -3*p - 5*s = 17